 a factor of 584994763?
False
Is 78314496 a multiple of 212?
True
Does 1495 divide 1331011146?
False
Does 689 divide 27214811?
True
Is 537 a factor of 220272588?
False
Is 156017746 a multiple of 1900?
False
Is 94709236 a multiple of 27?
False
Is 562061520 a multiple of 72?
True
Is 8 a factor of 153098160?
True
Does 2 divide 161643235?
False
Does 13 divide 4905928703?
True
Does 7 divide 205428411?
False
Is 53 a factor of 10289975?
False
Is 1527020880 a multiple of 4389?
True
Is 87238593 a multiple of 27?
True
Is 242568585 a multiple of 63?
True
Does 4 divide 158722379?
False
Is 5399391820 a multiple of 10490?
True
Does 223 divide 104206785?
True
Does 1150 divide 36622289?
False
Does 241 divide 186921046?
True
Does 15 divide 11174385?
True
Does 156 divide 2561945538?
False
Is 183 a factor of 478719355?
False
Does 60 divide 141555180?
True
Is 17 a factor of 174498846?
True
Is 32 a factor of 68803648?
True
Does 1091 divide 101673563?
True
Is 2720424 a multiple of 84?
True
Is 368 a factor of 236663837?
False
Does 12 divide 2157709202?
False
Is 320129550 a multiple of 290?
True
Is 5 a factor of 388068369?
False
Is 4889649 a multiple of 18?
False
Does 129 divide 5278680?
True
Is 1248 a factor of 1685630033?
False
Is 650859245 a multiple of 1014?
False
Is 506700544 a multiple of 2512?
True
Is 33387690 a multiple of 5?
True
Is 302 a factor of 16094184?
True
Is 362690334 a multiple of 2758?
False
Is 19 a factor of 544836645?
False
Is 15 a factor of 39002535?
True
Is 29137130 a multiple of 2035?
True
Is 352 a factor of 157066733?
False
Does 77 divide 645452962?
True
Is 181731782 a multiple of 24?
False
Is 87 a factor of 67219907?
False
Does 18 divide 147625182?
True
Does 77 divide 332787113?
False
Is 642 a factor of 137302614?
True
Does 262 divide 42077257?
False
Is 1576471273 a multiple of 3167?
False
Does 367 divide 24191561?
False
Is 2533098 even?
True
Does 82 divide 30384526?
True
Is 202 a factor of 41402728?
True
Does 11 divide 6477114?
False
Is 35 a factor of 1471498315?
True
Does 13 divide 13453812?
False
Does 105 divide 7198578?
False
Does 44 divide 172066053?
False
Is 131 a factor of 115416109?
True
Is 2662 a factor of 1499935773?
False
Is 886785449 a multiple of 1106?
False
Is 356273652 a multiple of 3986?
False
Is 25 a factor of 1137413098?
False
Is 7 a factor of 316552257?
True
Is 6899925 a multiple of 467?
True
Does 13 divide 2109834974?
True
Does 153 divide 26082369?
True
Is 19 a factor of 1409780366?
False
Is 34619204 a multiple of 15?
False
Does 9 divide 1025427993?
False
Is 206827936 a multiple of 150?
False
Does 4 divide 115457788?
True
Does 1446 divide 77290146?
True
Is 37 a factor of 320098288?
False
Does 369 divide 1010048641?
False
Is 9623076 a multiple of 402?
True
Is 259025574 a multiple of 458?
False
Is 907969692 a multiple of 1228?
True
Is 37342820 a multiple of 9?
False
Is 921807839 a multiple of 319?
False
Is 31927527 a multiple of 9?
True
Does 188 divide 102832616?
True
Does 13 divide 259593594?
True
Does 75 divide 425812050?
True
Does 9 divide 802555636?
False
Is 461 a factor of 485882289?
False
Does 1786 divide 112645835?
False
Is 77308965 a multiple of 17?
False
Is 240000200 a multiple of 100?
True
Is 2104605146 a multiple of 3607?
True
Is 3186 a factor of 25707501?
False
Is 21 a factor of 309918168?
True
Is 26251516 a multiple of 1099?
False
Is 1199 a factor of 929235791?
True
Is 9 a factor of 19777569?
False
Is 76731916 a multiple of 2424?
False
Does 922 divide 164869274?
True
Is 478847322 a multiple of 27?
True
Is 44 a factor of 246309492?
True
Does 61 divide 40412561?
True
Is 3348 a factor of 136382146?
False
Does 17 divide 10137787?
False
Does 155 divide 19374442?
False
Is 1604649290 a multiple of 509?
False
Does 1155 divide 36670497?
False
Does 6074 divide 233551223?
False
Is 254028107 a multiple of 1223?
True
Does 515 divide 90731670?
True
Does 955 divide 23186445?
True
Does 16 divide 91225440?
True
Does 2350 divide 1297234184?
False
Is 326370906 a multiple of 123?
True
Is 1583 a factor of 36663863?
True
Is 69 a factor of 816888626?
False
Is 1507 a factor of 13538354?
False
Does 243 divide 14050695?
False
Is 416 a factor of 55570508?
False
Does 28 divide 5880938?
False
Is 432 a factor of 21880368?
True
Is 244 a factor of 32700071?
False
Does 17 divide 24702343?
True
Is 406 a factor of 286235798?
False
Does 42 divide 607773?
False
Is 632728550 a multiple of 50?
True
Is 58 a factor of 337441962?
False
Is 24 a factor of 26599176?
True
Does 578 divide 198427829?
False
Is 49873325 a multiple of 239?
True
Is 63725697 a multiple of 27?
True
Is 38 a factor of 1194554092?
True
Does 629 divide 1916153813?
False
Is 24 a factor of 204294115?
False
Does 170 divide 34438719?
False
Does 488 divide 349937479?
False
Is 98375920 a multiple of 760?
True
Does 76 divide 246910700?
True
Is 410415709 a multiple of 3677?
True
Is 71799282 a multiple of 1626?
True
Does 1875 divide 3984009?
False
Is 148509636 a multiple of 631?
True
Is 43533021 a multiple of 999?
False
Does 2386 divide 201898068?
False
Does 1592 divide 50296168?
False
Is 17332336 a multiple of 1519?
False
Is 508637609 a multiple of 18?
False
Does 1531 divide 221410618?
False
Is 1220797924 a multiple of 390?
False
Is 563 a factor of 2758104?
False
Does 83 divide 318434480?
True
Does 951 divide 7530594?
False
Is 14282016 a multiple of 13?
False
Does 5 divide 1892885548?
False
Does 33 divide 30895060?
False
Is 753 a factor of 31469294?
False
Is 67 a factor of 5115854?
False
Is 136 a factor of 554448472?
True
Does 1412 divide 502948752?
True
Is 5294278 a multiple of 46?
True
Is 12 a factor of 652691184?
True
Is 104483679 a multiple of 19?
True
Is 132 a factor of 871594152?
True
Is 24 a factor of 52661280?
True
Is 467 a factor of 40543539?
True
Is 1024086490 a multiple of 1125?
False
Does 63 divide 1795885623?
True
Does 36 divide 84953414?
False
Is 440666632 a multiple of 1778?
True
Is 850304 a multiple of 1022?
True
Does 42 divide 720177024?
True
Is 302910959 a multiple of 1161?
False
Does 9911 divide 2181124116?
False
Is 102251968 a multiple of 776?
True
Is 420514272 a multiple of 32?
True
Does 59 divide 186724507?
False
Is 25781184 a multiple of 143?
True
Does 884 divide 1004917942?
False
Is 36618470 a multiple of 1557?
False
Is 41 a factor of 182040031?
False
Is 1411084116 a multiple of 1734?
True
Is 31 a factor of 2961588720?
True
Is 60 a factor of 2390514180?
True
Is 19 a factor of 2440303?
True
Is 32497245 a multiple of 15?
True
Is 104 a factor of 56389064?
False
Is 1974797160 a multiple of 53?
False
Is 259893172 a multiple of 209?
True
Does 9 divide 18552438?
True
Does 1151 divide 586099833?
False
Is 56587690 a multiple of 271?
False
Is 1272 a factor of 39112382?
False
Is 174668428 a multiple of 2878?
False
Is 1618 a factor of 40933782?
True
Is 2358551456 a multiple of 26?
False
Is 379465140 a multiple of 15?
True
Is 167513347 a multiple of 23?
True
Is 1791 a factor of 40836591?
True
Is 68471968 a multiple of 354?
False
Is 398764080 a multiple of 132?
True
Does 137 divide 167795271?
True
Is 370 a factor of 37711579?
False
Does 17 divide 2121729536?
False
Is 71 a factor of 1204323137?
False
Is 10 a factor of 67666570?
True
Is 8131698 a multiple of 18?
True
Is 300 a factor of 17218489?
False
Is 81600817 a multiple of 323?
False
Is 99 a factor of 221730729?
False
Is 285805645 a multiple of 842?
False
Does 3441 divide 28649756?
False
Is 14 a factor of 1232168?
True
Is 14 a factor of 2907179231?
False
Does 173 divide 41612382?
True
Does 1151 divide 15383115?
True
Does 116 divide 21264308?
True
Is 146 a factor of 14757766?
False
Is 299907009 a multiple of 72?
False
Is 3873500 a multiple of 250?
True
Does 6316 divide 1590722496?
True
Is 17 a factor of 5484618?
False
Is 126637764 a multiple of 99?
False
Is 21 a factor of 6742775718?
True
Is 10 a factor of 22686680?
True
Is 383846920 a multiple of 627?
False
Is 16904456 a multiple of 39?
False
Is 38 a factor of 24659568?
True
Does 302 divide 25936666?
True
Is 97 a factor of 925991550?
False
Is 523270538 a multiple of 15?
False
Does 52 divide 375274692?
True
Is 126636244 a multiple of 85?
False
Is 13 a factor of 1280989?
False
Does 5314 divide 1052973634?
False
Is 118 a factor of 184984588?
True
Is 187471649 a multiple of 277?
